t k(f) = -25*f + 3. Let s(c) = 7*k(c) + 4*o(c). Suppose -2*z - z = -30. Is s(z) a prime number?
False
Suppose 11*s = 27515 + 40542. Is s a prime number?
False
Let x(s) = 110*s**2 + 5*s + 174. Is x(19) composite?
False
Suppose 3*q - 2*a = -a + 7, -4*a = 2*q. Let r = 367 + -242. Suppose 2*f - 4*z = z + 85, -q*f - 3*z = -r. Is f prime?
False
Is -104684*(170/(-40))/17 composite?
False
Let a(h) be the third derivative of -3*h**4/2 + h**3/6 - h**2. Suppose -2*y + 7 = l, 5*y - 21 = 5*l + y. Is a(l) prime?
True
Suppose -3*w = -4*w - 19. Let c(b) = b**3 + 23*b**2 + 19*b + 4. Is c(w) a prime number?
True
Let x(z) be the third derivative of 0*z + 5*z**2 + 0 + 1/6*z**3 + 2/15*z**5 - 1/12*z**4. Is x(-6) composite?
True
Let c = 8192 + -13386. Is (6/4)/((-7)/(c/21)) a composite number?
False
Let a = -23 + 26. Let l be a + 3 - (0 - -4). Suppose 0 = l*t - 3*q - 71 - 102, -3*q = 3. Is t composite?
True
Let t be 9/6 + 2 + (-6849)/6. Let m = -497 - t. Is m a composite number?
False
Let j be 6/(-9)*(-4518)/12. Is (-2)/(4 + (-1006)/j) composite?
False
Suppose -c + 165 = 2*c. Let l = c + 136. Let j = -112 + l. Is j prime?
True
Let v be (-14292)/63 - 1/7. Let q = v + 567. Suppose b - q = 33. Is b a composite number?
False
Let u(i) = 238*i**2 - i - 2. Let f(c) = -c**3 - 8*c**2 - 6*c + 5. Let j be f(-7). Let t be u(j). Let z = t + 189. Is z a prime number?
False
Let s(l) = -171*l - 100. Is s(-21) composite?
False
Let y(q) be the second derivative of -3/2*q**2 - 3/2*q**3 + 0 - 4*q + 5/12*q**4. Is y(9) a composite number?
True
Let d(h) = 7*h**2 - 34*h + 25. Is d(28) a composite number?
False
Let x be (-4)/(-10) - 72/5. Let h(p) = -46*p - 2*p**2 + 32*p + p**2 + 0*p**2 + 10. Is h(x) prime?
False
Suppose g + 468 = 3*a, -390 = 4*a + 5*g - 1033. Is a composite?
False
Suppose -3*i - 16800 = -4*k, -5*k = -3*k + i - 8390. Is k a prime number?
False
Let r(h) = 181*h + 26. Suppose 5*m + 7*m - 108 = 0. Is r(m) a composite number?
True
Let c(f) = -224*f - 723. Is c(-41) a composite number?
False
Suppose -q + 4*q - 18757 = -4*w, 0 = 4*q - w - 24984. Is q a composite number?
False
Let c(y) = -6*y**3 - 4*y**2 + 4*y - 2. Let d be c(-4). Let v = d - 117. Is v a composite number?
True
Let t(z) = 54*z**3 - 2*z**2 - z. Let d(c) = c**2 - 7*c - 1. Let k be d(7). Let p be t(k). Let j = p - -232. Is j composite?
True
Let o = 33704 + -7381. Is o a composite number?
True
Let x(p) = 135*p + 59. Let j(a) = 90*a + 39. Let q(z) = -7*j(z) + 5*x(z). Is q(8) composite?
True
Let j(g) = 12 + 190*g - 30 - 5. Is j(15) a composite number?
True
Is (3/((-12)/(-9094)))/((-2)/(-20)) prime?
False
Suppose 5*x = -o + 6888 + 1792, 0 = -2*o + 10. Suppose 0*k - 5*k = -x. Is k prime?
True
Let z = -2986 + 7101. Is z a prime number?
False
Suppose 4*f - 97 + 17 = -2*b, -3*b = 3*f - 60. Suppose -i + 26 = -f. Is i composite?
True
Let u(c) be the first derivative of -44*c**4/3 + c**3/2 - 3*c**2 + 6. Let f(w) be the second derivative of u(w). Is f(-2) a prime number?
False
Let q(y) = y**3 - 12*y**2 + 13*y - 16. Let n be q(11). Is (-21)/n*(-1)/((-1)/(-82)) a composite number?
True
Let s(i) = 16*i - 3. Let v be s(2). Let z(c) = c**3 - 2*c**2 - c - 12. Let t be z(5). Let p = t + v. Is p a composite number?
True
Is ((104/(-39))/4)/(4/(-72174)) a prime number?
False
Suppose 0 = 11*l + 7089 - 50462. Is l a prime number?
True
Let x be (-1)/((-4)/(3 + -15)). Let t be x*(15/(-9) + 0). Suppose -4*j + 508 = -t*y, 0*j + 508 = 4*j - 4*y. Is j prime?
True
Let i = 20334 + -12071. Is i a prime number?
True
Let c be 1/(-4) + (-91)/(-28). Suppose -4 = c*o - 16. Suppose 5*a - x - 3*x - 281 = 0, o*a - 208 = -x. Is a composite?
False
Let m be 5*(164 + -4) - 3. Let q = m - 416. Suppose -5*l + 1771 + q = 3*h, -2*h + 2153 = 5*l. Is l composite?
False
Suppose -2*v - 3*z - 305 = 0, -2*v - 310 = -0*z - 2*z. Let k = 400 - v. Is k a prime number?
False
Let x = 16785 + -8522. Is x composite?
False
Is ((-10)/(-65) - (-12357)/39)*1 prime?
True
Let g(f) = -7*f + 3*f - f + 20*f. Let t be g(-1). Let w = 4 - t. Is w composite?
False
Let n be 223*(26 - 1)/5. Suppose -5*d + n + 735 = 0. Suppose 4*t = 3*t + 3*o + 380, t = 5*o + d. Is t a composite number?
True
Let t be 4/6 + (-13)/(-39). Let d(b) = -2 - 1 + 40*b + t + 13. Is d(6) prime?
True
Suppose -3137 = -c - 3*a, -5*c + 9*a = 7*a - 15685. Is c a composite number?
False
Is (-32316)/(-5) - 9*(-7)/(-315) prime?
False
Suppose 2*d + 5*l - 7 = -34, -2*l + 27 = -d. Let c = 21 + d. Suppose c = -3*q - 31 + 226. Is q a composite number?
True
Suppose 0 = 6*f + 4 + 8. Is (-11)/(-33) - (-60460)/6 - f prime?
True
Let f(l) = 2*l**3 - l**2 + 4*l + 1. Let d be f(-8). Let h = -418 - d. Is h composite?
False
Is (0 + (-1912)/24)*(-4 - -1) prime?
True
Let s(z) = z**3 - 4*z**2 + 5*z - 3. Let x(u) = u**3 - u**2 + 3*u - 2. Let h be ((-6)/4)/(30/(-40)). Let r be x(h). Is s(r) prime?
True
Let w be (-13)/(2 - (5 - 4)). Let b(g) = -18*g + 20. Let u be b(w). Suppose -i + u + 104 = 5*j, -j = 4*i - 1432. Is i composite?
True
Let f(m) be the third derivative of 5*m**6/24 + m**5/15 - 5*m**4/24 + 5*m**3/6 + 2*m**2 - 12. Let v(k) = k**2 + 2*k + 2. Let y be v(-2). Is f(y) prime?
True
Let j be (-36)/14*2114/(-3). Suppose 0 = -0*h - 2*h - j. Is 2/(-8) - h/8 a composite number?
False
Let o = 8 - 13. Let c be (4 - (1 - -4))*24. Let g = o - c. Is g composite?
False
Suppose -5*c - 9 = -s, -5*s + 2*c - 13 + 35 = 0. Let u(w) = 6 + 0 + 7 - s*w. Is u(-6) composite?
False
Suppose 1559 = 3*y - 1372. Is y prime?
True
Let m(a) = 74*a**3 - 5*a**2 - 10*a + 4. Is m(5) a composite number?
True
Let j = -4614 - -7441. Suppose -2*o - 1031 = -j. Is o a prime number?
False
Let n = 12 - -3. Let a be 39/n + (-15)/25. Is ((-833)/(-35))/(a/10) composite?
True
Suppose 2*d = -6*d + 24. Is (-1)/d*(-5 - 52) a prime number?
True
Suppose 9*j - 170 = 4*j. Suppose j + 166 = 2*w. Suppose -2*m - w = -338. Is m composite?
True
Let h(f) = -f**3 - 10*f**2 - 10*f - 7. Let w be h(-9). Let b(t) = t - 3. Let k be b(w). Let d(o) = -84*o - 1. Is d(k) prime?
True
Let g be (-4005)/18 + (-6)/(-4) - 1. Let s = 343 + g. Is s a prime number?
False
Let p(c) = c + 8. Let k be p(-6). Suppose -k*t = t. Suppose 3*i - 1134 = -3*q, 2*i + t*q - 763 = 5*q. Is i composite?
False
Suppose 3*z - 4*z = -x + 4751, -z = 0. Is x prime?
True
Suppose 40 = 5*f + 4*v, 2*f + 5*v - 4*v - 13 = 0. Suppose -4*c + 16408 = f*c. Is c composite?
True
Let d = -2845 - -684. Let m = -1158 - d. Suppose -5*p + 2*n = -m, -p = 5*n - 271 + 65. Is p prime?
False
Suppose v + h - 27 = 5*v, 9 = -4*v - 5*h. Let o(j) = 53*j**2 - 5*j + 11. Is o(v) composite?
False
Suppose 5*n - 2626 - 9409 = 3*w, -w = -2*n + 4814. Is n a composite number?
True
Let j = -22 + 20. Let i = 16 + j. Is i a prime number?
False
Let o(m) = -2*m + 9. Let j be o(6). Is (-3 - 17517/j)*2/8 a composite number?
False
Suppose f = 5*d - 3*f - 41, -2*d + 2*f + 18 = 0. Suppose -4486 - 289 = -d*w. Is w a composite number?
True
Suppose -976 = -4*m - 2*v + 1314, 3*m - 2*v = 1721. Suppose 0 = c + 2*c - m. Is c prime?
True
Suppose 2 = 3*x - 7. Suppose -2*f = -x*f + 953. Is f prime?
True
Let i be ((-28)/10)/(4/(-20)). Suppose -m = -19 + i. Suppose 3*b + 106 = m*b. Is b composite?
False
Suppose 4*x + 2*c = 8*x - 160522, 0 = 2*x - 3*c - 80251. Is x a composite number?
True
Let m(a) = 15*a**3 - 7*a**2 + 5*a - 16. Is m(5) composite?
False
Let u(q) = 734*q + 1. Is u(8) prime?
False
Suppose 9*x - 1005 = 2280. Is x a composite number?
True
Let k(m) = -m**3 - 18*m**2 + 7*m + 20. Let t be k(-16). Let q = -331 - 10. Let a = q - t. Is a composite?
False
Let h = -4013 + 6450. Is h composite?
False
Let l(d) = 8*d**3 + 2*d**2 - 7*d - 6. Let q be l(6). Let s = q - 1051. Is s a prime number?
True
Let h be 3 - 5 - 6/3. Let y be 2*(-4)/h*1. Suppose -2*u + 3*k - 3 = 0, -y*k + 4 = -2. Is u a composite number?
False
Let z be 66/15 + (-3)/(-5). Let c = 7 - z. Suppose -c*f + 3*f = 485. Is f prime?
False
Suppose -s - z = 3*s + 693, 3*z = 9. Let g = s + 617. Is g a prime number?
True
Suppose 5*v - v - 8 = 0, 4*v + 157 = 3*p. Suppose p = 2*y + 29. Is y composite?
False
Suppose -4*m - m = 615. Let v = m + 322. Is v a prime number?
True
Let g(v) = 222*v**2 + 222*v**2 + v - 24 + 22. Is g(1) a composite number?
False
Let h(p) = 7*p**3 + 11*p**2 - 13*p + 12. Is h(7) prime?
True
Suppose -35*w - 3970 = -45*w.